{"id":118,"date":"2025-02-11T15:56:32","date_gmt":"2025-02-11T15:56:32","guid":{"rendered":"https:\/\/www.codisumroraima.com\/home\/about\/"},"modified":"2025-02-13T18:41:26","modified_gmt":"2025-02-13T18:41:26","slug":"about","status":"publish","type":"page","link":"https:\/\/www.codisumroraima.com\/home\/about\/","title":{"rendered":"\u00bfQuienes Somos?"},"content":{"rendered":"\n<div class=\"wp-block-uagb-container uagb-block-7fa683e6 alignfull uagb-is-root-container\"><div class=\"uagb-container-inner-blocks-wrap\">\n<div class=\"wp-block-uagb-advanced-heading uagb-block-74b342eb\"><h1 class=\"uagb-heading-text\">Nuestro Legado<\/h1><\/div>\n<\/div><\/div>\n\n\n\n<div class=\"wp-block-uagb-container uagb-block-7bd42c5c alignfull uagb-is-root-container\"><div class=\"uagb-container-inner-blocks-wrap\">\n<div class=\"wp-block-uagb-advanced-heading uagb-block-09410548\"><h2 class=\"uagb-heading-text\">La Historia Detr\u00e1s de Legado Roraima<\/h2><\/div>\n\n\n\n<div class=\"wp-block-uagb-container uagb-block-892732a6\">\n<div class=\"wp-block-uagb-container uagb-block-1e6525c7\">\n<div class=\"wp-block-uagb-image alignleft uagb-block-3e8101dc wp-block-uagb-image--layout-default wp-block-uagb-image--effect-static wp-block-uagb-image--align-left\"><figure class=\"wp-block-uagb-image__figure\"><img decoding=\"async\" srcset=\"https:\/\/www.codisumroraima.com\/home\/wp-content\/uploads\/2025\/02\/histoiria.jpg ,https:\/\/www.codisumroraima.com\/home\/wp-content\/uploads\/2025\/02\/histoiria.jpg 780w, https:\/\/www.codisumroraima.com\/home\/wp-content\/uploads\/2025\/02\/histoiria.jpg 360w\" sizes=\"auto, (max-width: 480px) 150px\" src=\"https:\/\/www.codisumroraima.com\/home\/wp-content\/uploads\/2025\/02\/histoiria.jpg\" alt=\"\" class=\"uag-image-1651\" width=\"526\" height=\"536\" title=\"histoiria\" loading=\"lazy\" role=\"img\"\/><\/figure><\/div>\n<\/div>\n\n\n\n<div class=\"wp-block-uagb-container uagb-block-e2e9b375\">\n<div class=\"wp-block-uagb-info-box uagb-block-de3604df uagb-infobox__content-wrap  uagb-infobox-icon-above-title uagb-infobox-image-valign-top\">\n<div class=\"uagb-ifb-content\">\n<div class=\"uagb-ifb-title-wrap\">\n<h3 class=\"justify\" style=\"text-align: center;\">Legado Roraima es una empresa que busca conectar el mundo con los ricos tesoros naturales de Venezuela. Creemos en la uni\u00f3n entre los productores locales y el mercado global, asegurando que los productos sean reconocidos por su calidad excepcional.<\/h3>\n<\/div>\n<h4 class=\"justify\" style=\"text-align: center;\">Nuestra historia comenz\u00f3 con la pasi\u00f3n de unos emprendedores por resaltar las maravillas de la naturaleza venezolana. As\u00ed, se fund\u00f3 Legado Roraima, con el objetivo de compartir nuestro legado natural.<br \/><br \/>A lo largo de los a\u00f1os, hemos servido a una diversa gama de clientes, desde peque\u00f1os comerciantes hasta grandes distribuidores internacionales, todos unidos por el amor a la calidad.<\/h4>\n<\/div>\n<\/div>\n<\/div>\n<\/div>\n<\/div><\/div>\n\n\n\n<div class=\"wp-block-uagb-container uagb-block-136a0917 alignfull uagb-is-root-container\"><div class=\"uagb-container-inner-blocks-wrap\">\n<div class=\"wp-block-uagb-container uagb-block-ce8eca34\">\n<div class=\"wp-block-uagb-container uagb-block-a907ca62\">\n<div class=\"wp-block-uagb-advanced-heading uagb-block-c1eb101d\">\n<h2 class=\"uagb-heading-text\">VISI\u00d3N<\/h2>\n<\/div>\n<div class=\"wp-block-uagb-info-box uagb-block-38ededbc uagb-infobox__content-wrap  uagb-infobox-icon-above-title uagb-infobox-image-valign-top\">\n<div class=\"uagb-ifb-content\">\n<div class=\"uagb-ifb-title-wrap\">\n<h3 class=\"uagb-ifb-title\">\u00abQueremos ser reconocidos no solo como una exportadora, sino como una marca que conecta a los consumidores globales con la herencia de Venezuela. Nuestro objetivo es exportar mas de 10.000 toneladas de granos premium, mientras promovemos pr\u00e1cticas sostenibles y comercio justo\u00bb<\/h3>\n<\/div>\n<\/div>\n<\/div>\n<\/div>\n\n\n\n<div class=\"wp-block-uagb-image uagb-block-f08e6c97 wp-block-uagb-image--layout-default wp-block-uagb-image--effect-static wp-block-uagb-image--align-none\"><figure class=\"wp-block-uagb-image__figure\"><img decoding=\"async\" srcset=\"https:\/\/www.codisumroraima.com\/home\/wp-content\/uploads\/2025\/02\/mision.jpg ,https:\/\/www.codisumroraima.com\/home\/wp-content\/uploads\/2025\/02\/mision.jpg 780w, https:\/\/www.codisumroraima.com\/home\/wp-content\/uploads\/2025\/02\/mision.jpg 360w\" sizes=\"auto, (max-width: 480px) 150px\" src=\"https:\/\/www.codisumroraima.com\/home\/wp-content\/uploads\/2025\/02\/mision.jpg\" alt=\"\" class=\"uag-image-1649\" width=\"1024\" height=\"681\" title=\"mision\" loading=\"lazy\" role=\"img\"\/><\/figure><\/div>\n<\/div>\n<\/div><\/div>\n\n\n\n<div class=\"wp-block-uagb-container uagb-block-94ded581 alignfull uagb-is-root-container\"><div class=\"uagb-container-inner-blocks-wrap\">\n<div class=\"wp-block-uagb-container uagb-block-21891d52\">\n<div class=\"wp-block-uagb-container uagb-block-8a4a99e4\">\n<div class=\"wp-block-uagb-image uagb-block-f870d712 wp-block-uagb-image--layout-default wp-block-uagb-image--effect-static wp-block-uagb-image--align-none\"><figure class=\"wp-block-uagb-image__figure\"><img decoding=\"async\" srcset=\"https:\/\/www.codisumroraima.com\/home\/wp-content\/uploads\/2025\/02\/pexels-photo-30648977-1024x731.jpeg ,https:\/\/www.codisumroraima.com\/home\/wp-content\/uploads\/2025\/02\/pexels-photo-30648977.jpeg 780w, https:\/\/www.codisumroraima.com\/home\/wp-content\/uploads\/2025\/02\/pexels-photo-30648977.jpeg 360w\" sizes=\"auto, (max-width: 480px) 150px\" src=\"https:\/\/www.codisumroraima.com\/home\/wp-content\/uploads\/2025\/02\/pexels-photo-30648977-1024x731.jpeg\" alt=\"A detailed close-up of roasted coffee beans showcasing rich textures and flavors.\" class=\"uag-image-14\" width=\"1024\" height=\"731\" title=\"pexels-photo-30648977\" loading=\"lazy\" role=\"img\"\/><\/figure><\/div>\n<\/div>\n\n\n\n<div class=\"wp-block-uagb-container uagb-block-7e959f87\">\n<div class=\"wp-block-uagb-advanced-heading uagb-block-c1eb101d\">\n<h2 class=\"uagb-heading-text\">MISI\u00d3N<\/h2>\n<\/div>\n<div class=\"wp-block-uagb-info-box uagb-block-38ededbc uagb-infobox__content-wrap  uagb-infobox-icon-above-title uagb-infobox-image-valign-top\">\n<div class=\"uagb-ifb-content\">\n<div class=\"uagb-ifb-title-wrap\">\n<h3 class=\"uagb-ifb-title\">\u00abNacimos con la misi\u00f3n de llevar los granos venezolanos al mundo. Nuestro enfoque esta en las regiones mas fertiles para el cultivo de cafe, cacao y sarapia, conocidos como uno de los mas finos y exclusivos del planeta.\u00bb<\/h3>\n<\/div>\n<\/div>\n<\/div>\n<\/div>\n<\/div>\n<\/div><\/div>\n\n\n\n<div class=\"wp-block-uagb-container uagb-block-cc344175 alignfull uagb-is-root-container\"><div class=\"uagb-container-inner-blocks-wrap\">\n<div class=\"wp-block-uagb-advanced-heading uagb-block-7b2294a3\"><h2 class=\"uagb-heading-text\">Nuestros Valores<\/h2><p class=\"uagb-desc-text\">En Legado Roraima, nos regimos por principios fundamentales que sustentan nuestra misi\u00f3n y visi\u00f3n en la conexi\u00f3n con la naturaleza.<\/p><\/div>\n\n\n\n<div class=\"wp-block-uagb-container uagb-block-ecb8dade\">\n<div class=\"wp-block-uagb-advanced-heading uagb-block-bef7d43a\"><h3 class=\"uagb-heading-text\">Sostenibilidad<\/h3><p class=\"uagb-desc-text\">Promovemos pr\u00e1cticas de cultivo responsables y respetuosas con el medio ambiente, asegurando que nuestras acciones beneficien tanto a la comunidad como a la naturaleza.<\/p><\/div>\n\n\n\n<div class=\"wp-block-uagb-advanced-heading uagb-block-b863782d\"><h3 class=\"uagb-heading-text\">Calidad<\/h3><p class=\"uagb-desc-text\">Nos comprometemos a ofrecer solo los productos m\u00e1s finos, cultivados y procesados con los m\u00e1s altos est\u00e1ndares para satisfacer a nuestros clientes en todo el mundo.<\/p><\/div>\n\n\n\n<div class=\"wp-block-uagb-advanced-heading uagb-block-9f890ad2\"><h3 class=\"uagb-heading-text\">Tradici\u00f3n<\/h3><p class=\"uagb-desc-text\">Valoramos las t\u00e9cnicas tradicionales de cultivo y producci\u00f3n, preservando el conocimiento ancestral y fomentando la conexi\u00f3n con la rica cultura venezolana.<\/p><\/div>\n<\/div>\n<\/div><\/div>\n\n\n\n<div class=\"wp-block-uagb-container uagb-block-c84325e4 alignfull uagb-is-root-container\"><div class=\"uagb-container-inner-blocks-wrap\">\n<div class=\"wp-block-uagb-info-box uagb-block-d8a09d88 uagb-infobox__content-wrap  uagb-infobox-icon-above-title uagb-infobox-image-valign-top\">\n<div class=\"uagb-ifb-content\">\n<div class=\"uagb-ifb-title-wrap\">\n<h2 class=\"uagb-ifb-title\" style=\"text-align: center;\">Comunicate con Nosotros<\/h2>\n<\/div>\n<p class=\"uagb-ifb-desc\" style=\"text-align: center;\">Si deseas mas informaci\u00f3n, dejanos tu mensaje y con gusto te responderemos.<\/p>\n<div class=\"uagb-ifb-button-wrapper wp-block-button\" style=\"text-align: center;\"><a class=\"uagb-infobox-cta-link wp-block-button__link\" href=\"\/home\/contact\/\" target=\"_self\" rel=\"noopener noreferrer\"><span class=\"uagb-inline-editing\">Contactanos<\/span><\/a><\/div>\n<\/div>\n<\/div>\n<\/div><\/div>\n","protected":false},"excerpt":{"rendered":"<p>Nuestro Legado La Historia Detr\u00e1s de Legado Roraima Legado Roraima es una empresa que busca conectar el mundo con los [&hellip;]<\/p>\n","protected":false},"author":1,"featured_media":0,"parent":0,"menu_order":0,"comment_status":"closed","ping_status":"closed","template":"","meta":{"_siteseo_robots_primary_cat":"","pagelayer_contact_templates":[],"_pagelayer_content":"","_uag_custom_page_level_css":"","site-sidebar-layout":"default","site-content-layout":"","ast-site-content-layout":"default","site-content-style":"default","site-sidebar-style":"default","ast-global-header-display":"","ast-banner-title-visibility":"","ast-main-header-display":"","ast-hfb-above-header-display":"","ast-hfb-below-header-display":"","ast-hfb-mobile-header-display":"","site-post-title":"disabled","ast-breadcrumbs-content":"","ast-featured-img":"","footer-sml-layout":"","theme-transparent-header-meta":"enabled","adv-header-id-meta":"","stick-header-meta":"","header-above-stick-meta":"","header-main-stick-meta":"","header-below-stick-meta":"","astra-migrate-meta-layouts":"set","ast-page-background-enabled":"default","ast-page-background-meta":{"desktop":{"background-color":"var(--ast-global-color-4)","background-image":"","background-repeat":"repeat","background-position":"center center","background-size":"auto","background-attachment":"scroll","background-type":"","background-media":"","overlay-type":"","overlay-color":"","overlay-opacity":"","overlay-gradient":""},"tablet":{"background-color":"","background-image":"","background-repeat":"repeat","background-position":"center center","background-size":"auto","background-attachment":"scroll","background-type":"","background-media":"","overlay-type":"","overlay-color":"","overlay-opacity":"","overlay-gradient":""},"mobile":{"background-color":"","background-image":"","background-repeat":"repeat","background-position":"center center","background-size":"auto","background-attachment":"scroll","background-type":"","background-media":"","overlay-type":"","overlay-color":"","overlay-opacity":"","overlay-gradient":""}},"ast-content-background-meta":{"desktop":{"background-color":"var(--ast-global-color-5)","background-image":"","background-repeat":"repeat","background-position":"center center","background-size":"auto","background-attachment":"scroll","background-type":"","background-media":"","overlay-type":"","overlay-color":"","overlay-opacity":"","overlay-gradient":""},"tablet":{"background-color":"var(--ast-global-color-5)","background-image":"","background-repeat":"repeat","background-position":"center center","background-size":"auto","background-attachment":"scroll","background-type":"","background-media":"","overlay-type":"","overlay-color":"","overlay-opacity":"","overlay-gradient":""},"mobile":{"background-color":"var(--ast-global-color-5)","background-image":"","background-repeat":"repeat","background-position":"center center","background-size":"auto","background-attachment":"scroll","background-type":"","background-media":"","overlay-type":"","overlay-color":"","overlay-opacity":"","overlay-gradient":""}},"footnotes":""},"class_list":["post-118","page","type-page","status-publish","hentry"],"uagb_featured_image_src":{"full":false,"thumbnail":false,"medium":false,"medium_large":false,"large":false,"1536x1536":false,"2048x2048":false},"uagb_author_info":{"display_name":"roraima","author_link":"https:\/\/www.codisumroraima.com\/home\/author\/roraima\/"},"uagb_comment_info":0,"uagb_excerpt":"Nuestro Legado La Historia Detr\u00e1s de Legado Roraima Legado Roraima es una empresa que busca conectar el mundo con los [&hellip;]","_links":{"self":[{"href":"https:\/\/www.codisumroraima.com\/home\/wp-json\/wp\/v2\/pages\/118","targetHints":{"allow":["GET"]}}],"collection":[{"href":"https:\/\/www.codisumroraima.com\/home\/wp-json\/wp\/v2\/pages"}],"about":[{"href":"https:\/\/www.codisumroraima.com\/home\/wp-json\/wp\/v2\/types\/page"}],"author":[{"embeddable":true,"href":"https:\/\/www.codisumroraima.com\/home\/wp-json\/wp\/v2\/users\/1"}],"replies":[{"embeddable":true,"href":"https:\/\/www.codisumroraima.com\/home\/wp-json\/wp\/v2\/comments?post=118"}],"version-history":[{"count":6,"href":"https:\/\/www.codisumroraima.com\/home\/wp-json\/wp\/v2\/pages\/118\/revisions"}],"predecessor-version":[{"id":1653,"href":"https:\/\/www.codisumroraima.com\/home\/wp-json\/wp\/v2\/pages\/118\/revisions\/1653"}],"wp:attachment":[{"href":"https:\/\/www.codisumroraima.com\/home\/wp-json\/wp\/v2\/media?parent=118"}],"curies":[{"name":"wp","href":"https:\/\/api.w.org\/{rel}","templated":true}]}}